2*q - 1259 = -5*i. What is the hundreds digit of i?
2
Let z = -3412 + 5478. What is the hundreds digit of z?
0
Suppose 82 = 8*r - 30. Suppose -3 = -3*o - 15. Let m = r - o. What is the tens digit of m?
1
Let l = 2767 + -1568. What is the tens digit of l?
9
What is the tens digit of (-6)/(11/(22440/(-16)))?
6
Let w(d) = -2*d**3 + 5*d**2 - 2*d - 5. Suppose 5*u + 5 = -5*l, -2*l - 22 = -5*l + 2*u. Let j be w(l). Let y = j + 89. What is the units digit of y?
8
Suppose 57 + 78 = 9*p. Let y(j) = 13*j + 32. What is the tens digit of y(p)?
2
Let m = -24 + 15. What is the tens digit of 6/m - (-1225)/15?
8
Let v(d) = -d + 10. Let s be v(0). Let a be ((-46)/s - 1)*5. Let q = a - -51. What is the units digit of q?
3
Let m be 39/2 - (-5)/10. Let s = m + -20. Suppose 0 = f, -2*k + s*f + 20 = f. What is the tens digit of k?
1
Let r(l) = -11*l - 2. Let j be r(3). Let y = 60 + j. What is the tens digit of y?
2
Suppose 5*c - 4*v - 192 = 0, -3*v + 4*v + 183 = 5*c. Suppose -j + c = -40. What is the tens digit of j?
7
Let r(i) = i**2 + 2*i. Let t(c) = -c**2 + 9*c - 6. Let k be t(8). Let u be (6/k)/(3/(-4)). What is the units digit of r(u)?
8
Suppose -20 = 4*g, 7 = -3*s - 3*g - 11. What is the units digit of (27 + (-2)/s)/(1/3)?
7
What is the units digit of (-8395)/69*-3*1?
5
Let u(a) = -873*a**3 + 2*a**2 + 3*a + 2. What is the tens digit of u(-1)?
7
Suppose 5*x + 9 = -f - 10, 4*x = 4*f - 44. Suppose -p = -2*p - f. What is the units digit of (-142)/p + (-1)/(-3)?
4
What is the units digit of (6812/(-8))/(-13)*10?
5
Let g = -123 + 104. Let i = 20 + g. What is the units digit of i?
1
Suppose -5*r - 1317 = -2*n - 390, r = 4*n - 1863. Let a = n - 232. What is the units digit of a?
4
Suppose 4*i - 2*i = 2*x - 22, 4*x - 58 = -3*i. Let y = x + -8. Suppose -4*q = -s - 2*q - y, -q = -s. What is the units digit of s?
5
Suppose -3*p - 3747 = -y, -94*y = -89*y + 4*p - 18792. What is the tens digit of y?
5
Let y = 34 - -34. Let t = y + 6. What is the units digit of t?
4
What is the thousands digit of 7/((-55)/(-66)*(-4)/(-490))?
1
Suppose 7*j - 3*j = -5*s + 10, 5*s + j = -5. What is the tens digit of 67/14*8 + s/7?
3
Suppose -19*f - 30 = -24*f. Suppose -f*i + 493 = -5. What is the tens digit of i?
8
Suppose 0 = -7*j + 2*j - 250. Let y be (41*1)/((-6)/(-12)). Let c = y + j. What is the units digit of c?
2
What is the tens digit of 3/12 + 21066/24?
7
What is the tens digit of (19010/(-8))/((-141)/8 + 17)?
0
Suppose 5 + 40 = 5*c. Suppose -2*a + 11 = 5*s, -c = -2*a + 3*s + 10. What is the units digit of a?
8
Let p = 632 + -361. What is the hundreds digit of p?
2
Let b = 345 - -379. What is the units digit of b?
4
Let w = -2017 - -4242. What is the thousands digit of w?
2
Let r = -245 - -602. What is the tens digit of r?
5
Suppose -3*d - 2*d = -2*t - 65, -d - 5*t + 40 = 0. Let r = 20 - d. Suppose g - r = 10. What is the units digit of g?
5
Let l be (-57*52/(-24))/((-2)/4). Let o = l + 426. What is the hundreds digit of o?
1
Let z(x) = x**3 + 12*x**2 + 8. Let g be z(-12). Suppose 3*q - g*q + 17 = -j, 3*j = 2*q - 12. What is the units digit of (3/q)/((-2)/(-50))?
5
Let r(f) = 7*f**2 - f - 3. Suppose -20 = -0*y + 4*y. Let j(x) = -4*x**2 + x + 1. Let k(s) = y*j(s) - 2*r(s). What is the tens digit of k(-2)?
3
Let m be (-4)/(-26) + (-165)/143. What is the units digit of (5 + -7)/(m/82)?
4
Let k be (-24)/9*-6*(-44)/16. Let p = k - -110. What is the units digit of p?
6
Let w(a) = -2*a - 2. Let y be w(-1). Let i(t) = 11 + 21 + t - 2 + 0. What is the tens digit of i(y)?
3
Suppose -620*c + 627*c = 22757. What is the units digit of c?
1
Let d be (155/6 - 6/(-9))*6. Suppose 12*i - d - 141 = 0. What is the units digit of i?
5
Let k(w) = -494*w - 445. What is the units digit of k(-8)?
7
Let h = -25 + 29. Suppose -h*j - 1 = -5. What is the units digit of -12 + 8 - j*-61?
7
Suppose -w + 3 = -9. Let i = w + -10. Suppose i*x - 40 = -0*x. What is the units digit of x?
0
Let j(a) = -4*a**3 - 4*a - 8. Let t be j(-4). Let f = t - 180. What is the tens digit of f?
8
Suppose 4*p + 5*s = 33, -4*p - s = -9 - 36. Let c be (6/(-1))/(p/(-136)). Suppose -4*b + 0*b = -c. What is the units digit of b?
7
Let r = -33 - -129. Suppose -12 = 2*w - 5*w. Suppose -w*f - 3*g + 121 = 0, f + 4*g = -2*f + r. What is the units digit of f?
8
Suppose -30 = -2*a - 4*p, 9 = a - 4*p - 0. Suppose 0*b = 4*b - 5*i - a, -b = -3*i - 5. What is the units digit of b/8 - (-214)/8?
7
Let l be 6/10 - (-73)/(-5). Let r(j) = -5*j**2 - 15*j - 10. Let o(s) = -4*s**2 - 16*s - 10. Let p(c) = 4*o(c) - 3*r(c). What is the units digit of p(l)?
0
Let f be (15/6)/((-3)/30). Let o = -18 - f. Let x(h) = -h**3 + 7*h**2 + 4*h - 8. What is the tens digit of x(o)?
2
Suppose -16*v + 8*v = -36616. Suppose 0 = 16*a - v + 1665. What is the hundreds digit of a?
1
Let t(s) = 20*s**2 - 3*s + 4. Let q be t(1). Suppose q*z - 19*z - 38 = 0. What is the units digit of z?
9
Let n(r) = 50*r**2 + r + 2. Let m be n(-1). Let z = m - 34. What is the tens digit of z?
1
What is the tens digit of -2 + 5 + -2 + 276?
7
Let k(n) be the first derivative of n**3/3 + n**2/2 - 12*n - 7. Let p be k(0). What is the units digit of p/(-8)*92/6?
3
What is the tens digit of 91/(-14)*-150 - (-3 - -2)?
7
Suppose -q = 2*q - 4*x - 17, q + x - 8 = 0. Suppose 4*p - 302 - 158 = 0. Suppose -3*d - p = -4*j, -d - 36 = -j - q. What is the tens digit of j?
2
Let g(j) = 32*j**3 - 6*j**2 + 15*j - 24. What is the tens digit of g(3)?
3
Let k = 1179 - -1129. What is the tens digit of k?
0
Let m be (1 - (-6 + 3)/(-1)) + 8. Suppose m*z = 876 - 300. What is the units digit of z?
6
Let s = -397 + 1212. Suppose -s - 480 = -7*a. What is the hundreds digit of a?
1
Let x = -466 - -950. Suppose -4*s - x = -8*s. What is the tens digit of s?
2
Suppose 3699 - 12513 = -6*l. What is the tens digit of l?
6
Let q(y) = 4*y**2 + 2*y. Let k be q(-1). Suppose -k*t - 3*t = -110. Suppose -3*m = -t - 56. What is the tens digit of m?
2
Suppose v - 24 = u + 5*v, -5*u - 188 = 3*v. Let x be -14*(u/7)/4. Suppose 2*o - 19 = -z + 21, -o - z + x = 0. What is the tens digit of o?
2
Let v = -10 - -13. Let i = 2 + v. Suppose -i*z + 4*z = -6. What is the units digit of z?
6
Let i(w) be the third derivative of -w**4/8 - w**3/6 - w**2. Let p be i(-2). Suppose 0 + p = 5*o. What is the units digit of o?
1
Let t(h) = -2*h**2 - 12*h - 5. Let j be t(-5). Suppose -2*v = -4*w + 108, -2*w - j*v - 130 = -7*w. What is the units digit of w?
8
Let k(v) = -v**2 + 2*v + 4*v + v + 4 + 5*v. Let h be k(6). Let y = h + -18. What is the units digit of y?
2
Suppose -2*f + 5*f - 12 = 0, -5*f - 9 = -t. Let p(g) = -g + 5. Let y be p(3). Suppose -y*a = -t - 23. What is the tens digit of a?
2
Let n(m) be the third derivative of -m**6/120 + 11*m**5/60 + m**4/12 - m**3/6 - 19*m**2. What is the units digit of n(10)?
9
Let f = -3711 - -6286. What is the tens digit of f?
7
Let n = 1081 - 390. What is the units digit of n?
1
Let y be (-246)/(-18) + (1 - 4/6). Let s = y - -6. What is the units digit of s?
0
Let z be 15 + (-12)/(-4) - 2. Suppose 4*t + 5*x = t + z, 5*x - 10 = 0. Suppose -84 = -3*r - 3*d, -3*d = -t*r + 34 + 7. What is the units digit of r?
5
What is the hundreds digit of 2/(4/93)*(-950)/(-75)?
5
Let w(f) = f**2 - 5 - 7 + 5. Suppose 3*k - 1 + 19 = 0. What is the units digit of w(k)?
9
Suppose 0 = -2*s + o + 710 + 373, -5*s + o + 2703 = 0. Suppose 0 = -7*z + s + 237. What is the units digit of z?
1
Let s be 46/(-1)*7/(-14). Let d = s - 24. Let f = 32 - d. What is the units digit of f?
3
Suppose -w + 4*w + 349 = -5*h, -w - 2*h = 117. Let z = w - -203. What is the units digit of z?
0
Let o(h) = h**2 + h. Let q be o(2). Let i(u) = u**2 - 2*u + 2. Let t be i(q). Let g = t + 8. What is the tens digit of g?
3
Suppose -5*l = -5*d + 35, 5*l - 3*l + 5*d = -21. Let s(u) = -u**3 - 7*u**2 + 7*u - 8. Let m be s(l). Suppose m = -2*a + 89 - 9. What is the units digit of a?
0
Suppose -10*d + 5*f - 800 = -11*d, -d = 2*f - 800. What is the hundreds digit of d?
8
Suppose 2*f = j - 2195, -j - 5*f + 2188 = -0*j. What is the hundreds digit of j?
1
What is the hundreds digit of (-22 - -27)/(33/32 - 1)?
1
Suppose 4*d + d = 5. Let z = 9 - d. What is the units digit of 2/z + (-27)/(-4)?
7
Suppose 771 = 3*h + 2*q, 0 = -4*h - 3*q + 607 + 422. What is the tens digit of h?
5
Suppose 4*a = 